15
Calculate the remainder when 970331 is divided by 62.
31
What is the remainder when 213918 is divided by 29575?
6893
Calculate the remainder when 168996114 is divided by 1842.
1824
Calculate the remainder when 27120 is divided by 49.
23
What is the remainder when 23489 is divided by 89?
82
What is the remainder when 20496452 is divided by 22?
20
What is the remainder when 316347148 is divided by 38?
36
Calculate the remainder when 49700399 is divided by 147.
140
Calculate the remainder when 47364388 is divided by 11841096.
4
Calculate the remainder when 169787 is divided by 219.
62
What is the remainder when 154740 is divided by 7718?
380
Calculate the remainder when 10387157 is divided by 4.
1
What is the remainder when 745581 is divided by 186361?
137
What is the remainder when 69516358 is divided by 70?
58
What is the remainder when 8165488 is divided by 747?
31
What is the remainder when 53844600 is divided by 389?
387
What is the remainder when 5404518 is divided by 22708?
14
Calculate the remainder when 1311201 is divided by 2676.
2637
What is the remainder when 1309187 is divided by 9?
2
What is the remainder when 50092 is divided by 1092?
952
Calculate the remainder when 97614 is divided by 1904.
510
What is the remainder when 1012830 is divided by 337603?
21
Calculate the remainder when 3719728 is divided by 7003.
1135
Calculate the remainder when 291622031 is divided by 52.
51
What is the remainder when 793088 is divided by 53?
49
What is the remainder when 90152 is divided by 21580?
3832
Calculate the remainder when 5249642 is divided by 371.
363
Calculate the remainder when 1371876 is divided by 498.
384
Calculate the remainder when 704438 is divided by 88045.
78
What is the remainder when 14105467 is divided by 7052733?
1
Calculate the remainder when 592026004 is divided by 2067.
2065
Calculate the remainder when 78476 is divided by 6529.
128
What is the remainder when 57944 is divided by 3030?
374
What is the remainder when 529964 is divided by 94?
86
What is the remainder when 9163715 is divided by 115996?
31
What is the remainder when 127760 is divided by 5913?
3587
What is the remainder when 33652 is divided by 549?
163
What is the remainder when 42818761 is divided by 11391?
11383
What is the remainder when 2343868 is divided by 171?
142
Calculate the remainder when 8435264 is divided by 4216859.
1546
What is the remainder when 4553510 is divided by 176?
38
What is the remainder when 375656 is divided by 290?
106
Calculate the remainder when 4917200 is divided by 4710.
4670
What is the remainder when 16909843 is divided by 38?
33
Calculate the remainder when 138275288 is divided by 16.
8
Calculate the remainder when 1334161 is divided by 1635.
1
Calculate the remainder when 40855707 is divided by 568.
35
Calculate the remainder when 87050872 is divided by 210.
202
What is the remainder when 115395 is divided by 115372?
23
Calculate the remainder when 4472298 is divided by 934.
306
Calculate the remainder when 2362160 is divided by 134.
8
Calculate the remainder when 10675025 is divided by 73.
16
What is the remainder when 260429 is divided by 65063?
177
What is the remainder when 550105 is divided by 414?
313
What is the remainder when 354660 is divided by 1359?
1320
Calculate the remainder when 23910462 is divided by 19.
7
What is the remainder when 5047576 is divided by 230?
226
Calculate the remainder when 175822 is divided by 175667.
155
What is the remainder when 947082 is divided by 671?
301
Calculate the remainder when 284361 is divided by 56855.
86
Calculate the remainder when 141314733 is divided by 59.
57
What is the remainder when 32040 is divided by 10538?
426
What is the remainder when 48445855 is divided by 110?
95
What is the remainder when 4363398 is divided by 19?
10
Calculate the remainder when 1450182 is divided by 2.
0
What is the remainder when 217257 is divided by 2597?
1706
Calculate the remainder when 60518313 is divided by 5.
3
What is the remainder when 387160 is divided by 1809?
34
What is the remainder when 56112354 is divided by 2590?
4
What is the remainder when 306246 is divided by 11?
6
What is the remainder when 99509 is divided by 99506?
3
What is the remainder when 836332 is divided by 433?
209
What is the remainder when 13950026 is divided by 273?
272
Calculate the remainder when 382661 is divided by 98.
69
What is the remainder when 57942 is divided by 2?
0
What is the remainder when 177171 is divided by 16?
3
Calculate the remainder when 260652 is divided by 1217.
214
What is the remainder when 468854 is divided by 33466?
330
Calculate the remainder when 1035644 is divided by 992.
988
Calculate the remainder when 22085933 is divided by 13.
12
What is the remainder when 8544617 is divided by 316467?
8
What is the remainder when 172250 is divided by 1702?
348
Calculate the remainder when 45678374 is divided by 387.
377
What is the remainder when 10551615 is divided by 5536?
5535
What is the remainder when 37095995 is divided by 84?
83
Calculate the remainder when 282590 is divided by 583.
418
Calculate the remainder when 98203 is divided by 571.
562
What is the remainder when 2513008 is divided by 853?
70
What is the remainder when 12061555 is divided by 106?
27
What is the remainder when 19528 is divided by 1084?
16
Calculate the remainder when 747518 is divided by 254.
250
Calculate the remainder when 2079654 is divided by 6.
0
Calculate the remainder when 24608 is divided by 24165.
443
What is the remainder when 105611194 is divided by 21122237?
9
What is the remainder when 31428 is divided by 30569?
859
What is the remainder when 124823 is divided by 61511?
1801
What is the remainder when 267981 is divided by 959?
420
What is the remainder when 2527881 is divided by 53?
46
Calculate the remainder when 215637 is divided by 43120.
37
Calculate the remainder when 27633585 is divided by 1286.
17
Calculate the remainder when 1161867995 is divided by 368.
363
What is the remainder when 38276271 is divided by 105?
96
Calculate the remainder when 375353 is divided by 374118.
1235
What is the remainder when 262137176 is divided by 52427432?
16
What is the remainder when 27811763 is divided by 14?
7
What is the remainder when 7127093 is divided by 2073?
119
What is the remainder when 18584 is divided by 403?
46
What is the remainder when 10364 is divided by 10353?
11
What is the remainder when 5842619 is divided by 24?
11
What is the remainder when 25656 is divided by 56?
8
Calculate the remainder when 642815 is divided by 9594.
17
Calculate the remainder when 11493065 is divided by 728.
129
Calculate the remainder when 21513253 is divided by 389.
386
What is the remainder when 24530 is divided by 379?
274
What is the remainder when 4444188 is divided by 688?
396
Calculate the remainder when 1234815 is divided by 159.
21
What is the remainder when 2857391 is divided by 317467?
188
What is the remainder when 112973 is divided by 93?
71
Calculate the remainder when 7818802 is divided by 64.
50
What is the remainder when 6911873 is divided by 838?
49
What is the remainder when 1078255 is divided by 269559?
19
Calculate the remainder when 749487 is divided by 255.
42
What is the remainder when 634990 is divided by 317460?
70
Calculate the remainder when 30870930 is divided by 3702.
3654
Calculate the remainder when 72747 is divided by 1323.
1305
What is the remainder when 4160389 is divided by 3039?
3037
What is the remainder when 880048 is divided by 3121?
3047
Calculate the remainder when 7071550 is divided by 1669.
1666
What is the remainder when 15881214 is divided by 1193?
1191
What is the remainder when 355253 is divided by 177570?
113
What is the remainder when 24618810 is divided by 3077351?
2
What is the remainder when 2974297 is divided by 34?
11
What is the remainder when 468894 is divided by 30?
24
Calculate the remainder when 615083 is divided by 614956.
127
What is the remainder when 97012733 is divided by 273?
272
What is the remainder when 192213 is divided by 2433?
6
What is the remainder when 289660 is divided by 72260?
620
What is the remainder when 11745 is divided by 2972?
2829
What is the remainder when 65697737 is divided by 48?
41
What is the remainder when 19055432 is